{"id":1867,"date":"2026-09-01T00:01:48","date_gmt":"2026-08-31T22:01:48","guid":{"rendered":"https:\/\/www.euroco.fr\/?post_type=product&#038;p=1867"},"modified":"2026-09-01T11:06:51","modified_gmt":"2026-09-01T09:06:51","slug":"lentille-verte-du-puy-et-legumes-secs-trescarte","status":"publish","type":"product","link":"https:\/\/www.euroco.fr\/fr\/produit\/lentille-verte-du-puy-et-legumes-secs-trescarte\/","title":{"rendered":"Lentille verte du Puy et L\u00e9gumes secs Trescarte"},"content":{"rendered":"<p>Nich\u00e9 sur les hauts-plateaux volcaniques de l&rsquo;Auvergne, qui parfois culminent \u00e0 1200m d\u2019altitude, au c\u0153ur m\u00eame du territoire de l\u2019Appellation du Puy, Trescarte est devenu depuis sa fondation en 1959 un des sp\u00e9cialistes de la lentille verte du Puy, l\u00e9gumes secs et c\u00e9r\u00e9ales.<\/p>\n<p>La r\u00e9gion Auvergne est reconnue pour son patrimoine agricole,<\/p>\n<p>Des investissements permanents ont permis de se rapprocher des producteurs locaux sur les hauts-plateaux du Velay-Sud pour obtenir un contr\u00f4le rigoureux des mati\u00e8res premi\u00e8res, garantir une tra\u00e7abilit\u00e9 fiable, une qualit\u00e9 constante et un haut niveau d&rsquo;exigence \u00e0 chaque \u00e9tape de la cha\u00eene d&rsquo;approvisionnement.<\/p>\n","protected":false},"excerpt":{"rendered":"<p>Nich\u00e9 sur les hauts-plateaux volcaniques de l&rsquo;Auvergne, qui parfois culminent \u00e0 1200m d\u2019altitude, au c\u0153ur m\u00eame du territoire de l\u2019Appellation du Puy, Trescarte est devenu depuis sa fondation en 1959 un des sp\u00e9cialistes de la lentille verte du Puy, l\u00e9gumes secs et c\u00e9r\u00e9ales. La r\u00e9gion Auvergne est reconnue pour son patrimoine agricole, Des investissements permanents [&hellip;]<\/p>\n","protected":false},"featured_media":1870,"template":"","meta":{"_acf_changed":false,"_et_pb_use_builder":"","_et_pb_old_content":"","_et_gb_content_width":""},"pwb-brand":[95],"product_brand":[],"product_cat":[51],"product_tag":[701,705,702,704,706,703,707],"class_list":["post-1867","product","type-product","status-publish","has-post-thumbnail","pwb-brand-trescarte","product_cat-epicerie","product_tag-dry-vegetables","product_tag-flageolet","product_tag-legumes-sec","product_tag-lentil","product_tag-lentil-corail","product_tag-lentille","product_tag-red-lentil","first","instock","featured","shipping-taxable","product-type-simple"],"acf":[],"yoast_head":"<!-- This site is optimized with the Yoast SEO plugin v28.3 - https:\/\/yoast.com\/product\/yoast-seo-wordpress\/ -->\n<title>Lentille verte du Puy et L\u00e9gumes secs Trescarte - Euroco<\/title>\n<meta name=\"description\" content=\"Trescarte est devenu depuis sa fondation en 1959 un des sp\u00e9cialistes de la lentille verte du Puy, l\u00e9gumes secs et c\u00e9r\u00e9ales.\" \/>\n<meta name=\"robots\" content=\"index, follow, max-snippet:-1, max-image-preview:large, max-video-preview:-1\" \/>\n<link rel=\"canonical\" href=\"https:\/\/www.euroco.fr\/fr\/produit\/lentille-verte-du-puy-et-legumes-secs-trescarte\/\" \/>\n<meta property=\"og:locale\" content=\"fr_FR\" \/>\n<meta property=\"og:type\" content=\"article\" \/>\n<meta property=\"og:title\" content=\"Lentille verte du Puy et L\u00e9gumes secs Trescarte - Euroco\" \/>\n<meta property=\"og:description\" content=\"Trescarte est devenu depuis sa fondation en 1959 un des sp\u00e9cialistes de la lentille verte du Puy, l\u00e9gumes secs et c\u00e9r\u00e9ales.\" \/>\n<meta property=\"og:url\" content=\"https:\/\/www.euroco.fr\/fr\/produit\/lentille-verte-du-puy-et-legumes-secs-trescarte\/\" \/>\n<meta property=\"og:site_name\" content=\"Euroco\" \/>\n<meta property=\"article:modified_time\" content=\"2026-09-01T09:06:51+00:00\" \/>\n<meta property=\"og:image\" content=\"https:\/\/www.euroco.fr\/wp-content\/uploads\/2022\/11\/Trescarte-AOP-Lentilles-Vertes-HD.jpg\" \/>\n\t<meta property=\"og:image:width\" content=\"1500\" \/>\n\t<meta property=\"og:image:height\" content=\"1500\" \/>\n\t<meta property=\"og:image:type\" content=\"image\/jpeg\" \/>\n<meta name=\"twitter:card\" content=\"summary_large_image\" \/>\n<meta name=\"twitter:label1\" content=\"Dur\u00e9e de lecture estim\u00e9e\" \/>\n\t<meta name=\"twitter:data1\" content=\"1 minute\" \/>\n<script type=\"application\/ld+json\" class=\"yoast-schema-graph\">{\"@context\":\"https:\\\/\\\/schema.org\",\"@graph\":[{\"@type\":\"WebPage\",\"@id\":\"https:\\\/\\\/www.euroco.fr\\\/fr\\\/produit\\\/lentille-verte-du-puy-et-legumes-secs-trescarte\\\/\",\"url\":\"https:\\\/\\\/www.euroco.fr\\\/fr\\\/produit\\\/lentille-verte-du-puy-et-legumes-secs-trescarte\\\/\",\"name\":\"Lentille verte du Puy et L\u00e9gumes secs Trescarte - Euroco\",\"isPartOf\":{\"@id\":\"https:\\\/\\\/www.euroco.fr\\\/fr\\\/#website\"},\"primaryImageOfPage\":{\"@id\":\"https:\\\/\\\/www.euroco.fr\\\/fr\\\/produit\\\/lentille-verte-du-puy-et-legumes-secs-trescarte\\\/#primaryimage\"},\"image\":{\"@id\":\"https:\\\/\\\/www.euroco.fr\\\/fr\\\/produit\\\/lentille-verte-du-puy-et-legumes-secs-trescarte\\\/#primaryimage\"},\"thumbnailUrl\":\"https:\\\/\\\/www.euroco.fr\\\/wp-content\\\/uploads\\\/2022\\\/11\\\/Trescarte-AOP-Lentilles-Vertes-HD.jpg\",\"datePublished\":\"2026-08-31T22:01:48+00:00\",\"dateModified\":\"2026-09-01T09:06:51+00:00\",\"description\":\"Trescarte est devenu depuis sa fondation en 1959 un des sp\u00e9cialistes de la lentille verte du Puy, l\u00e9gumes secs et c\u00e9r\u00e9ales.\",\"breadcrumb\":{\"@id\":\"https:\\\/\\\/www.euroco.fr\\\/fr\\\/produit\\\/lentille-verte-du-puy-et-legumes-secs-trescarte\\\/#breadcrumb\"},\"inLanguage\":\"fr-FR\",\"potentialAction\":[{\"@type\":\"ReadAction\",\"target\":[\"https:\\\/\\\/www.euroco.fr\\\/fr\\\/produit\\\/lentille-verte-du-puy-et-legumes-secs-trescarte\\\/\"]}]},{\"@type\":\"ImageObject\",\"inLanguage\":\"fr-FR\",\"@id\":\"https:\\\/\\\/www.euroco.fr\\\/fr\\\/produit\\\/lentille-verte-du-puy-et-legumes-secs-trescarte\\\/#primaryimage\",\"url\":\"https:\\\/\\\/www.euroco.fr\\\/wp-content\\\/uploads\\\/2022\\\/11\\\/Trescarte-AOP-Lentilles-Vertes-HD.jpg\",\"contentUrl\":\"https:\\\/\\\/www.euroco.fr\\\/wp-content\\\/uploads\\\/2022\\\/11\\\/Trescarte-AOP-Lentilles-Vertes-HD.jpg\",\"width\":1500,\"height\":1500,\"caption\":\"Lentille verte du Puy\"},{\"@type\":\"BreadcrumbList\",\"@id\":\"https:\\\/\\\/www.euroco.fr\\\/fr\\\/produit\\\/lentille-verte-du-puy-et-legumes-secs-trescarte\\\/#breadcrumb\",\"itemListElement\":[{\"@type\":\"ListItem\",\"position\":1,\"name\":\"Accueil\",\"item\":\"https:\\\/\\\/www.euroco.fr\\\/fr\\\/\"},{\"@type\":\"ListItem\",\"position\":2,\"name\":\"Les Produits\",\"item\":\"https:\\\/\\\/www.euroco.fr\\\/fr\\\/boutique\\\/\"},{\"@type\":\"ListItem\",\"position\":3,\"name\":\"Lentille verte du Puy et L\u00e9gumes secs Trescarte\"}]},{\"@type\":\"WebSite\",\"@id\":\"https:\\\/\\\/www.euroco.fr\\\/fr\\\/#website\",\"url\":\"https:\\\/\\\/www.euroco.fr\\\/fr\\\/\",\"name\":\"Euroco\",\"description\":\"The French food supplier\",\"publisher\":{\"@id\":\"https:\\\/\\\/www.euroco.fr\\\/fr\\\/#organization\"},\"potentialAction\":[{\"@type\":\"SearchAction\",\"target\":{\"@type\":\"EntryPoint\",\"urlTemplate\":\"https:\\\/\\\/www.euroco.fr\\\/fr\\\/?s={search_term_string}\"},\"query-input\":{\"@type\":\"PropertyValueSpecification\",\"valueRequired\":true,\"valueName\":\"search_term_string\"}}],\"inLanguage\":\"fr-FR\"},{\"@type\":\"Organization\",\"@id\":\"https:\\\/\\\/www.euroco.fr\\\/fr\\\/#organization\",\"name\":\"Euroco\",\"url\":\"https:\\\/\\\/www.euroco.fr\\\/fr\\\/\",\"logo\":{\"@type\":\"ImageObject\",\"inLanguage\":\"fr-FR\",\"@id\":\"https:\\\/\\\/www.euroco.fr\\\/fr\\\/#\\\/schema\\\/logo\\\/image\\\/\",\"url\":\"https:\\\/\\\/www.euroco.fr\\\/wp-content\\\/uploads\\\/2022\\\/03\\\/logo-euroco.png\",\"contentUrl\":\"https:\\\/\\\/www.euroco.fr\\\/wp-content\\\/uploads\\\/2022\\\/03\\\/logo-euroco.png\",\"width\":1231,\"height\":501,\"caption\":\"Euroco\"},\"image\":{\"@id\":\"https:\\\/\\\/www.euroco.fr\\\/fr\\\/#\\\/schema\\\/logo\\\/image\\\/\"}}]}<\/script>\n<!-- \/ Yoast SEO plugin. -->","yoast_head_json":{"title":"Lentille verte du Puy et L\u00e9gumes secs Trescarte - Euroco","description":"Trescarte est devenu depuis sa fondation en 1959 un des sp\u00e9cialistes de la lentille verte du Puy, l\u00e9gumes secs et c\u00e9r\u00e9ales.","robots":{"index":"index","follow":"follow","max-snippet":"max-snippet:-1","max-image-preview":"max-image-preview:large","max-video-preview":"max-video-preview:-1"},"canonical":"https:\/\/www.euroco.fr\/fr\/produit\/lentille-verte-du-puy-et-legumes-secs-trescarte\/","og_locale":"fr_FR","og_type":"article","og_title":"Lentille verte du Puy et L\u00e9gumes secs Trescarte - Euroco","og_description":"Trescarte est devenu depuis sa fondation en 1959 un des sp\u00e9cialistes de la lentille verte du Puy, l\u00e9gumes secs et c\u00e9r\u00e9ales.","og_url":"https:\/\/www.euroco.fr\/fr\/produit\/lentille-verte-du-puy-et-legumes-secs-trescarte\/","og_site_name":"Euroco","article_modified_time":"2026-09-01T09:06:51+00:00","og_image":[{"width":1500,"height":1500,"url":"https:\/\/www.euroco.fr\/wp-content\/uploads\/2022\/11\/Trescarte-AOP-Lentilles-Vertes-HD.jpg","type":"image\/jpeg"}],"twitter_card":"summary_large_image","twitter_misc":{"Dur\u00e9e de lecture estim\u00e9e":"1 minute"},"schema":{"@context":"https:\/\/schema.org","@graph":[{"@type":"WebPage","@id":"https:\/\/www.euroco.fr\/fr\/produit\/lentille-verte-du-puy-et-legumes-secs-trescarte\/","url":"https:\/\/www.euroco.fr\/fr\/produit\/lentille-verte-du-puy-et-legumes-secs-trescarte\/","name":"Lentille verte du Puy et L\u00e9gumes secs Trescarte - Euroco","isPartOf":{"@id":"https:\/\/www.euroco.fr\/fr\/#website"},"primaryImageOfPage":{"@id":"https:\/\/www.euroco.fr\/fr\/produit\/lentille-verte-du-puy-et-legumes-secs-trescarte\/#primaryimage"},"image":{"@id":"https:\/\/www.euroco.fr\/fr\/produit\/lentille-verte-du-puy-et-legumes-secs-trescarte\/#primaryimage"},"thumbnailUrl":"https:\/\/www.euroco.fr\/wp-content\/uploads\/2022\/11\/Trescarte-AOP-Lentilles-Vertes-HD.jpg","datePublished":"2026-08-31T22:01:48+00:00","dateModified":"2026-09-01T09:06:51+00:00","description":"Trescarte est devenu depuis sa fondation en 1959 un des sp\u00e9cialistes de la lentille verte du Puy, l\u00e9gumes secs et c\u00e9r\u00e9ales.","breadcrumb":{"@id":"https:\/\/www.euroco.fr\/fr\/produit\/lentille-verte-du-puy-et-legumes-secs-trescarte\/#breadcrumb"},"inLanguage":"fr-FR","potentialAction":[{"@type":"ReadAction","target":["https:\/\/www.euroco.fr\/fr\/produit\/lentille-verte-du-puy-et-legumes-secs-trescarte\/"]}]},{"@type":"ImageObject","inLanguage":"fr-FR","@id":"https:\/\/www.euroco.fr\/fr\/produit\/lentille-verte-du-puy-et-legumes-secs-trescarte\/#primaryimage","url":"https:\/\/www.euroco.fr\/wp-content\/uploads\/2022\/11\/Trescarte-AOP-Lentilles-Vertes-HD.jpg","contentUrl":"https:\/\/www.euroco.fr\/wp-content\/uploads\/2022\/11\/Trescarte-AOP-Lentilles-Vertes-HD.jpg","width":1500,"height":1500,"caption":"Lentille verte du Puy"},{"@type":"BreadcrumbList","@id":"https:\/\/www.euroco.fr\/fr\/produit\/lentille-verte-du-puy-et-legumes-secs-trescarte\/#breadcrumb","itemListElement":[{"@type":"ListItem","position":1,"name":"Accueil","item":"https:\/\/www.euroco.fr\/fr\/"},{"@type":"ListItem","position":2,"name":"Les Produits","item":"https:\/\/www.euroco.fr\/fr\/boutique\/"},{"@type":"ListItem","position":3,"name":"Lentille verte du Puy et L\u00e9gumes secs Trescarte"}]},{"@type":"WebSite","@id":"https:\/\/www.euroco.fr\/fr\/#website","url":"https:\/\/www.euroco.fr\/fr\/","name":"Euroco","description":"The French food supplier","publisher":{"@id":"https:\/\/www.euroco.fr\/fr\/#organization"},"potentialAction":[{"@type":"SearchAction","target":{"@type":"EntryPoint","urlTemplate":"https:\/\/www.euroco.fr\/fr\/?s={search_term_string}"},"query-input":{"@type":"PropertyValueSpecification","valueRequired":true,"valueName":"search_term_string"}}],"inLanguage":"fr-FR"},{"@type":"Organization","@id":"https:\/\/www.euroco.fr\/fr\/#organization","name":"Euroco","url":"https:\/\/www.euroco.fr\/fr\/","logo":{"@type":"ImageObject","inLanguage":"fr-FR","@id":"https:\/\/www.euroco.fr\/fr\/#\/schema\/logo\/image\/","url":"https:\/\/www.euroco.fr\/wp-content\/uploads\/2022\/03\/logo-euroco.png","contentUrl":"https:\/\/www.euroco.fr\/wp-content\/uploads\/2022\/03\/logo-euroco.png","width":1231,"height":501,"caption":"Euroco"},"image":{"@id":"https:\/\/www.euroco.fr\/fr\/#\/schema\/logo\/image\/"}}]}},"brands":[{"id":95,"name":"Trescarte","slug":"trescarte"}],"_links":{"self":[{"href":"https:\/\/www.euroco.fr\/fr\/wp-json\/wp\/v2\/product\/1867","targetHints":{"allow":["GET"]}}],"collection":[{"href":"https:\/\/www.euroco.fr\/fr\/wp-json\/wp\/v2\/product"}],"about":[{"href":"https:\/\/www.euroco.fr\/fr\/wp-json\/wp\/v2\/types\/product"}],"wp:featuredmedia":[{"embeddable":true,"href":"https:\/\/www.euroco.fr\/fr\/wp-json\/wp\/v2\/media\/1870"}],"wp:attachment":[{"href":"https:\/\/www.euroco.fr\/fr\/wp-json\/wp\/v2\/media?parent=1867"}],"wp:term":[{"taxonomy":"pwb-brand","embeddable":true,"href":"https:\/\/www.euroco.fr\/fr\/wp-json\/wp\/v2\/pwb-brand?post=1867"},{"taxonomy":"product_brand","embeddable":true,"href":"https:\/\/www.euroco.fr\/fr\/wp-json\/wp\/v2\/product_brand?post=1867"},{"taxonomy":"product_cat","embeddable":true,"href":"https:\/\/www.euroco.fr\/fr\/wp-json\/wp\/v2\/product_cat?post=1867"},{"taxonomy":"product_tag","embeddable":true,"href":"https:\/\/www.euroco.fr\/fr\/wp-json\/wp\/v2\/product_tag?post=1867"}],"curies":[{"name":"wp","href":"https:\/\/api.w.org\/{rel}","templated":true}]}}

Lentille verte du Puy et Légumes secs Trescarte

<p>Niché sur les hauts-plateaux volcaniques de l&rsquo;Auvergne, qui parfois culminent à 1200m d’altitude, au cœur même du territoire de l’Appellation du Puy, Trescarte est devenu depuis sa fondation en 1959 un des spécialistes de la lentille verte du Puy, légumes secs et céréales.</p>
<p>La région Auvergne est reconnue pour son patrimoine agricole,</p>
<p>Des investissements permanents ont permis de se rapprocher des producteurs locaux sur les hauts-plateaux du Velay-Sud pour obtenir un contrôle rigoureux des matières premières, garantir une traçabilité fiable, une qualité constante et un haut niveau d&rsquo;exigence à chaque étape de la chaîne d&rsquo;approvisionnement.</p>

<p>Niché sur les hauts-plateaux volcaniques de l&rsquo;Auvergne, qui parfois culminent à 1200m d’altitude, au cœur même du territoire de l’Appellation du Puy, Trescarte est devenu depuis sa fondation en 1959 un des spécialistes de la lentille verte du Puy, légumes secs et céréales. La région Auvergne est reconnue pour son patrimoine agricole, Des investissements permanents [&hellip;]</p>

<!-- This site is optimized with the Yoast SEO plugin v28.3 - https://yoast.com/product/yoast-seo-wordpress/ -->
<title>Lentille verte du Puy et Légumes secs Trescarte - Euroco</title>
<meta name="description" content="Trescarte est devenu depuis sa fondation en 1959 un des spécialistes de la lentille verte du Puy, légumes secs et céréales." />
<meta name="robots" content="index, follow, max-snippet:-1, max-image-preview:large, max-video-preview:-1" />
<link rel="canonical" href="https://www.euroco.fr/fr/produit/lentille-verte-du-puy-et-legumes-secs-trescarte/" />
<meta property="og:locale" content="fr_FR" />
<meta property="og:type" content="article" />
<meta property="og:title" content="Lentille verte du Puy et Légumes secs Trescarte - Euroco" />
<meta property="og:description" content="Trescarte est devenu depuis sa fondation en 1959 un des spécialistes de la lentille verte du Puy, légumes secs et céréales." />
<meta property="og:url" content="https://www.euroco.fr/fr/produit/lentille-verte-du-puy-et-legumes-secs-trescarte/" />
<meta property="og:site_name" content="Euroco" />
<meta property="article:modified_time" content="2026-09-01T09:06:51+00:00" />
<meta property="og:image" content="https://www.euroco.fr/wp-content/uploads/2022/11/Trescarte-AOP-Lentilles-Vertes-HD.jpg" />
	<meta property="og:image:width" content="1500" />
	<meta property="og:image:height" content="1500" />
	<meta property="og:image:type" content="image/jpeg" />
<meta name="twitter:card" content="summary_large_image" />
<meta name="twitter:label1" content="Durée de lecture estimée" />
	<meta name="twitter:data1" content="1 minute" />
<script type="application/ld+json" class="yoast-schema-graph">{"@context":"https:\/\/schema.org","@graph":[{"@type":"WebPage","@id":"https:\/\/www.euroco.fr\/fr\/produit\/lentille-verte-du-puy-et-legumes-secs-trescarte\/","url":"https:\/\/www.euroco.fr\/fr\/produit\/lentille-verte-du-puy-et-legumes-secs-trescarte\/","name":"Lentille verte du Puy et Légumes secs Trescarte - Euroco","isPartOf":{"@id":"https:\/\/www.euroco.fr\/fr\/#website"},"primaryImageOfPage":{"@id":"https:\/\/www.euroco.fr\/fr\/produit\/lentille-verte-du-puy-et-legumes-secs-trescarte\/#primaryimage"},"image":{"@id":"https:\/\/www.euroco.fr\/fr\/produit\/lentille-verte-du-puy-et-legumes-secs-trescarte\/#primaryimage"},"thumbnailUrl":"https:\/\/www.euroco.fr\/wp-content\/uploads\/2022\/11\/Trescarte-AOP-Lentilles-Vertes-HD.jpg","datePublished":"2026-08-31T22:01:48+00:00","dateModified":"2026-09-01T09:06:51+00:00","description":"Trescarte est devenu depuis sa fondation en 1959 un des spécialistes de la lentille verte du Puy, légumes secs et céréales.","breadcrumb":{"@id":"https:\/\/www.euroco.fr\/fr\/produit\/lentille-verte-du-puy-et-legumes-secs-trescarte\/#breadcrumb"},"inLanguage":"fr-FR","potentialAction":[{"@type":"ReadAction","target":["https:\/\/www.euroco.fr\/fr\/produit\/lentille-verte-du-puy-et-legumes-secs-trescarte\/"]}]},{"@type":"ImageObject","inLanguage":"fr-FR","@id":"https:\/\/www.euroco.fr\/fr\/produit\/lentille-verte-du-puy-et-legumes-secs-trescarte\/#primaryimage","url":"https:\/\/www.euroco.fr\/wp-content\/uploads\/2022\/11\/Trescarte-AOP-Lentilles-Vertes-HD.jpg","contentUrl":"https:\/\/www.euroco.fr\/wp-content\/uploads\/2022\/11\/Trescarte-AOP-Lentilles-Vertes-HD.jpg","width":1500,"height":1500,"caption":"Lentille verte du Puy"},{"@type":"BreadcrumbList","@id":"https:\/\/www.euroco.fr\/fr\/produit\/lentille-verte-du-puy-et-legumes-secs-trescarte\/#breadcrumb","itemListElement":[{"@type":"ListItem","position":1,"name":"Accueil","item":"https:\/\/www.euroco.fr\/fr\/"},{"@type":"ListItem","position":2,"name":"Les Produits","item":"https:\/\/www.euroco.fr\/fr\/boutique\/"},{"@type":"ListItem","position":3,"name":"Lentille verte du Puy et Légumes secs Trescarte"}]},{"@type":"WebSite","@id":"https:\/\/www.euroco.fr\/fr\/#website","url":"https:\/\/www.euroco.fr\/fr\/","name":"Euroco","description":"The French food supplier","publisher":{"@id":"https:\/\/www.euroco.fr\/fr\/#organization"},"potentialAction":[{"@type":"SearchAction","target":{"@type":"EntryPoint","urlTemplate":"https:\/\/www.euroco.fr\/fr\/?s={search_term_string}"},"query-input":{"@type":"PropertyValueSpecification","valueRequired":true,"valueName":"search_term_string"}}],"inLanguage":"fr-FR"},{"@type":"Organization","@id":"https:\/\/www.euroco.fr\/fr\/#organization","name":"Euroco","url":"https:\/\/www.euroco.fr\/fr\/","logo":{"@type":"ImageObject","inLanguage":"fr-FR","@id":"https:\/\/www.euroco.fr\/fr\/#\/schema\/logo\/image\/","url":"https:\/\/www.euroco.fr\/wp-content\/uploads\/2022\/03\/logo-euroco.png","contentUrl":"https:\/\/www.euroco.fr\/wp-content\/uploads\/2022\/03\/logo-euroco.png","width":1231,"height":501,"caption":"Euroco"},"image":{"@id":"https:\/\/www.euroco.fr\/fr\/#\/schema\/logo\/image\/"}}]}</script>
<!-- / Yoast SEO plugin. -->

Lentille verte du Puy et Légumes secs Trescarte - Euroco

Trescarte est devenu depuis sa fondation en 1959 un des spécialistes de la lentille verte du Puy, légumes secs et céréales.
